{"id":700,"date":"2022-12-26T12:36:07","date_gmt":"2022-12-26T12:36:07","guid":{"rendered":"https:\/\/www.hospitalnavalmagallanes.cl\/?page_id=700"},"modified":"2026-04-20T14:55:21","modified_gmt":"2026-04-20T14:55:21","slug":"endoscopia","status":"publish","type":"page","link":"https:\/\/www.hospitalnavalmagallanes.cl\/?page_id=700","title":{"rendered":"Endoscop\u00eda"},"content":{"rendered":"\n<div id=\"wp-block-themeisle-blocks-advanced-columns-494968a3\" class=\"wp-block-themeisle-blocks-advanced-columns has-1-columns has-desktop-equal-layout has-tablet-equal-layout has-mobile-equal-layout has-vertical-unset\"><div class=\"wp-block-themeisle-blocks-advanced-columns-overlay\"><\/div><div class=\"innerblocks-wrap\">\n<div id=\"wp-block-themeisle-blocks-advanced-column-b6723fa9\" class=\"wp-block-themeisle-blocks-advanced-column\">\n<br>\n\n\n\n<div class=\"wp-block-cover is-light tw-mb-auto is-style-tw-border-inner tw-stretched-link tw-hover-opacity\" style=\"padding-top:0px;padding-right:0px;padding-bottom:0px;padding-left:0px;min-height:301px;aspect-ratio:unset;\"><img decoding=\"async\" width=\"640\" height=\"480\" sizes=\"(max-width: 799px) 200vw, (max-width: 640px) 100vw, 640px\" class=\"wp-block-cover__image-background wp-image-702\" alt=\"\" src=\"https:\/\/www.hospitalnavalmagallanes.cl\/wp-content\/uploads\/2022\/12\/endoscopia.jpg\" style=\"object-position:45% 78%\" data-object-fit=\"cover\" data-object-position=\"45% 78%\" srcset=\"https:\/\/www.hospitalnavalmagallanes.cl\/wp-content\/uploads\/2022\/12\/endoscopia.jpg 640w, https:\/\/www.hospitalnavalmagallanes.cl\/wp-content\/uploads\/2022\/12\/endoscopia-300x225.jpg 300w\" \/><span aria-hidden=\"true\" class=\"wp-block-cover__background has-ast-global-color-0-background-color has-background-dim-40 has-background-dim\"><\/span><div class=\"wp-block-cover__inner-container is-layout-flow wp-block-cover-is-layout-flow\">\n<p class=\"has-text-align-center has-ast-global-color-5-color has-text-color has-link-color has-large-font-size wp-elements-28b586753cfc9e1b83dd9ab8e800f26b\">UNIDAD DE ENDOSCOPIA DIGESTIVA<\/p>\n<\/div><\/div>\n\n\n\n<br>\nServicio de apoyo cl\u00ednico para el diagn\u00f3stico y eventual tratamiento de patolog\u00edas gastrointestinales, tanto de adultos como ni\u00f1os mayores de 5 a\u00f1os.<br>\nSe efect\u00faan de manera ambulatoria, programadas electivamente pero tambi\u00e9n hay procedimientos de urgencia en cualquier horario y de pacientes hospitalizados en los distintos servicios del hospital.\n<\/div>\n<\/div><\/div>\n\n\n\n<div class=\"wp-block-columns is-layout-flex wp-container-core-columns-is-layout-6c3a7f47 wp-block-columns-is-layout-flex\" style=\"padding-top:0px;padding-right:0px;padding-bottom:0px;padding-left:0px\">\n<div class=\"wp-block-column is-layout-flow wp-block-column-is-layout-flow\" style=\"--col-width:66.66%;flex-basis:66.66%\">\n<div class=\"wp-block-essential-blocks-advanced-heading  root-eb-advance-heading-juhyy1j\"><div class=\"eb-parent-wrapper eb-parent-eb-advance-heading-juhyy1j \"><div class=\"eb-advance-heading-wrapper eb-advance-heading-juhyy1j button-1 undefined\" data-id=\"eb-advance-heading-juhyy1j\"><h2 class=\"eb-ah-title\"><span class=\"first-title\">Procedimientos<\/span><\/h2><div class=\"eb-ah-separator line\"><\/div><\/div><\/div><\/div>\n\n\n\n<ol>\n<li>Endoscop\u00eda Digestiva Alta (Gastroscop\u00eda)<\/li>\n<ul>\n<li>Diagn\u00f3stica (Biopsias )<\/li>\n<li>Test de ureasa (B\u00fasqueda de Helicobacter Pylori)<\/li>\n<li>Protocolo de Sydney (para prevenci\u00f3n del C\u00e1ncer G\u00e1strico)<\/li>\n<li>Terap\u00e9utica (Extracci\u00f3n cuerpos extra\u00f1os, polipectom\u00eda, gastrostom\u00eda para alimentaci\u00f3n, ligadura de v\u00e1rices esof\u00e1gicas\/g\u00e1stricas, hemostasia sitios sangrantes, dilataci\u00f3n de estenosis, etc.)<\/li>\n<\/ul>\n<li>Endoscopia Digestiva  Baja (Colonoscop\u00eda)<\/li>\n<ul>\n<li>Diagn\u00f3stica  (Biopsias)<\/li>\n<li>Terap\u00e9utica (polipectom\u00edas, hemostasia sitios sangrantes, dilataci\u00f3n de estenosis, etc.)<\/li>\n<\/ul>\n<li>Rectoscop\u00eda<\/li>\n<ul>\n<li>Diagn\u00f3stica (Biopsias)<\/li>\n<li>Terap\u00e9utica (ligadura hemorroides)<\/li>\n<\/ul>\n<\/ol>\n\n\n\n<div class=\"wp-block-essential-blocks-advanced-heading  root-eb-advance-heading-2zonh4h\"><div class=\"eb-parent-wrapper eb-parent-eb-advance-heading-2zonh4h \"><div class=\"eb-advance-heading-wrapper eb-advance-heading-2zonh4h button-1 undefined\" data-id=\"eb-advance-heading-2zonh4h\"><h2 class=\"eb-ah-title\"><span class=\"first-title\">Beneficiarios<\/span><\/h2><div class=\"eb-ah-separator line\"><\/div><\/div><\/div><\/div>\n\n\n\n<ul>\n<li>Funcionarios activos de las FFAA y sus cargas familiares.<\/li>\n<li>Funcionarios activos de Carabineros, PDI, Gendarmer\u00eda, DGCA y sus cargas familiares.<\/li>\n<li>Pensionados Institucionales.<\/li>\n<\/ul>\n\nTambi\u00e9n pueden acceder pacientes de otra previsi\u00f3n (Isapres, Particulares, Convenios).\n<\/div>\n\n\n\n<div class=\"wp-block-column is-layout-flow wp-block-column-is-layout-flow\" style=\"--col-width:33.33%;flex-basis:33.33%\">\n<div class=\"wp-block-essential-blocks-advanced-heading  root-eb-advance-heading-tilwa9l\"><div class=\"eb-parent-wrapper eb-parent-eb-advance-heading-tilwa9l \"><div class=\"eb-advance-heading-wrapper eb-advance-heading-tilwa9l button-1 undefined\" data-id=\"eb-advance-heading-tilwa9l\"><h2 class=\"eb-ah-title\"><span class=\"first-title\">Horarios<\/span><\/h2><div class=\"eb-ah-separator line\"><\/div><\/div><\/div><\/div>\n\n\n\n<p>PARA INSCRIPCIONES Y CONSULTAS PRESENCIALES<\/p>\n\n\n\n<ul class=\"wp-block-list\">\n<li>Lunes a Jueves 14:00 &#8211; 16:30<\/li>\n\n\n\n<li>Viernes 12:00 &#8211; 14:00<\/li>\n\n\n\n<li>Fines de semana y festivos, servicio se mantiene cerrado.<\/li>\n<\/ul>\n\n\n\n<p>PARA CONSULTAS TELEF\u00d3NICAS<\/p>\n\n\n\n<ul class=\"wp-block-list\">\n<li>Lunes a Jueves 08:00 &#8211; 12:00 y 14:00 &#8211; 16:30<\/li>\n\n\n\n<li>Viernes 08:00 \u2013 14:00<\/li>\n<\/ul>\n\n\n\n<p>Servicio Endoscop\u00eda: 61 2207556<\/p>\n\n\n\n<p>\u00bfC\u00f3mo me inscribo para un examen?<\/p>\n\n\n\n<ol class=\"wp-block-list\">\n<li>Inscribirse en HORAS M\u00c9DICAS, para lista de espera.<\/li>\n\n\n\n<li>Dirigirse al 3er piso, Unidad de ENDSOCOPIA, de manera presencial, con ORDEN M\u00c9DICA del examen solicitado, en horarios se\u00f1alados.<\/li>\n\n\n\n<li>Se llamar\u00e1 v\u00eda telef\u00f3nica para fijar fecha y hora del examen y del retiro de la preparaci\u00f3n, si as\u00ed lo requiere.&nbsp;<\/li>\n<\/ol>\n\n\n\n<p>SOLICITUD DE HORAS PACIENTES PARTICULARES<\/p>\n\n\n\n<p>\u2022 Enviar copia de solicitud de examen, junto con n\u00famero de tel\u00e9fono, antecedentes c\u00f3nicos, medicamentos que usa y alergias, al siguiente correo<\/p>\n\n\n\n<p><a href=\"mailto:ENDOSCOPIAHNM@SANIDADNAVAL.CL\" target=\"_blank\" rel=\"noreferrer noopener\">ENDOSCOPIAHNM@SANIDADNAVAL.CL<\/a><\/p>\n\n\n\n<p>\u2022 Tambi\u00e9n puede dejar su solicitud de examen de forma presencial en el servicio de endoscopia con su numero de tel\u00e9fono<\/p>\n<\/div>\n<\/div>\n\n\n\n\n\n<div class=\"wp-block-uagb-container uagb-block-5411df5d alignwide uagb-is-root-container\">\n<div id=\"gspb_text-id-gsbp-030c38c\" class=\"gspb_text gspb_text-id-gsbp-030c38c gs_shadow_on_hover gs_padding_m gs_shadow_elegant\"><mark style=\"background-color:rgba(0, 0, 0, 0);color:#fcb900\" class=\"has-inline-color\"><strong>IMPORTANTE<\/strong><br><\/mark><br>* AL QUEDAR EN LISTA DE ESPERA DEBE VERIFICAR QUE LOS N\u00daMEROS TELEF\u00d3NICOS QUE HAY EN EL SISTEMA EST\u00c1N ACTUALIZADOS, ESTO LO PUEDE VER AL MOMENTO DE INSCRIBIRSE EN HORAS MEDICAS.<br>* SE LLAMAR\u00c1 EN 3 OPORTUNIDADES, DE NO SER POSIBLE UBICARLO, SE SACARA DE LISTA DE ESPERA, TENIENDO QUE INSCRIBIRSE NUEVAMENTE Y DAR AVISO AL SERVICIO DE FORMA PRECENCIAL.<br>* DE REALIZARSE EL EXAMEN EN OTRO CENTRO FAVOR DAR AVISO, PARA PODER ASIGNAR EL CUPO AL PACIENTE SIGUIENTE.<br>* DE NO PODER ASISTIR EN FECHA INDICADA, TIENE 48 HORAS PARA ANULAR CITACI\u00d3N, ESTO SE PUEDE HACER VIA TELEF\u00d3NICA, DE NO DAR AVISO SE REALIZAR\u00c1 EL COBRO DE MANERA INTEGRA Y EFECTIVA.<br>* NO OLVIDAR TRAER ORDEN M\u00c9DICA EL DIA DEL EXAMEN O ESTE NO SE PODR\u00c1 RELIZAR.<\/div>\n<style>.gs_shadow_on_hover{transition:var(--gs-root-hover-transition, all var(--gs-root-hover-timing, .5s) var(--gs-root-hover-easing, cubic-bezier(0.42, 0, 0.58, 1)));box-shadow:0 3px 1px 0 #4232460d;border:1px solid #6d00f217}.gspb-bodyfront .gs_shadow_on_hover:hover, .gspb-bodyfront .gs-parent-hover:hover .gs_shadow_on_hover{box-shadow:7px 8px 1px 0 #b8a9c238}<\/style><style>.gs_padding_m{padding: var(--wp--preset--spacing--50, 1.5rem);}<\/style><style>.gs_shadow_elegant{box-shadow: rgba(0, 0, 0, 0.1) -4px 9px 25px -6px;}<\/style><\/div>\n\n\n\n\n\n<p><\/p>\n","protected":false},"excerpt":{"rendered":"<p>Endoscop\u00eda Digestiva Alta (Gastroscop\u00eda) Diagn\u00f3stica (Biopsias ) Test de ureasa (B\u00fasqueda de Helicobacter Pylori) Protocolo de Sydney (para prevenci\u00f3n del C\u00e1ncer G\u00e1strico) Terap\u00e9utica (Extracci\u00f3n cuerpos extra\u00f1os, polipectom\u00eda, gastrostom\u00eda para alimentaci\u00f3n, ligadura de v\u00e1rices esof\u00e1gicas\/g\u00e1stricas, hemostasia sitios sangrantes, dilataci\u00f3n de estenosis, etc.) Endoscopia Digestiva Baja (Colonoscop\u00eda) Diagn\u00f3stica (Biopsias) Terap\u00e9utica (polipectom\u00edas, hemostasia sitios sangrantes, dilataci\u00f3n de estenosis, [&hellip;]<\/p>\n","protected":false},"author":1,"featured_media":0,"parent":0,"menu_order":0,"comment_status":"closed","ping_status":"closed","template":"","meta":{"_eb_attr":"","_gspb_post_css":".gspb_text-id-gsbp-030c38c{text-transform:none;text-align:left!important;text-decoration:none;text-shadow:2px 4px 3px rgba(0,0,0,.25);color:#fdfdfd}.gspb_text-id-gsbp-030c38c .gsap-g-line{text-align:left!important}.gspb_text-id-gsbp-030c38c a{text-decoration:none}","_uag_custom_page_level_css":"","site-sidebar-layout":"default","site-content-layout":"","ast-site-content-layout":"default","site-content-style":"default","site-sidebar-style":"default","ast-global-header-display":"","ast-banner-title-visibility":"","ast-main-header-display":"","ast-hfb-above-header-display":"","ast-hfb-below-header-display":"","ast-hfb-mobile-header-display":"","site-post-title":"disabled","ast-breadcrumbs-content":"","ast-featured-img":"","footer-sml-layout":"","theme-transparent-header-meta":"","adv-header-id-meta":"","stick-header-meta":"","header-above-stick-meta":"","header-main-stick-meta":"","header-below-stick-meta":"","astra-migrate-meta-layouts":"set","ast-page-background-enabled":"default","ast-page-background-meta":{"desktop":{"background-color":"var(--ast-global-color-4)","background-image":"","background-repeat":"repeat","background-position":"center center","background-size":"auto","background-attachment":"scroll","background-type":"","background-media":"","overlay-type":"","overlay-color":"","overlay-opacity":"","overlay-gradient":""},"tablet":{"background-color":"","background-image":"","background-repeat":"repeat","background-position":"center center","background-size":"auto","background-attachment":"scroll","background-type":"","background-media":"","overlay-type":"","overlay-color":"","overlay-opacity":"","overlay-gradient":""},"mobile":{"background-color":"","background-image":"","background-repeat":"repeat","background-position":"center center","background-size":"auto","background-attachment":"scroll","background-type":"","background-media":"","overlay-type":"","overlay-color":"","overlay-opacity":"","overlay-gradient":""}},"ast-content-background-meta":{"desktop":{"background-color":"var(--ast-global-color-5)","background-image":"","background-repeat":"repeat","background-position":"center center","background-size":"auto","background-attachment":"scroll","background-type":"","background-media":"","overlay-type":"","overlay-color":"","overlay-opacity":"","overlay-gradient":""},"tablet":{"background-color":"var(--ast-global-color-5)","background-image":"","background-repeat":"repeat","background-position":"center center","background-size":"auto","background-attachment":"scroll","background-type":"","background-media":"","overlay-type":"","overlay-color":"","overlay-opacity":"","overlay-gradient":""},"mobile":{"background-color":"var(--ast-global-color-5)","background-image":"","background-repeat":"repeat","background-position":"center center","background-size":"auto","background-attachment":"scroll","background-type":"","background-media":"","overlay-type":"","overlay-color":"","overlay-opacity":"","overlay-gradient":""}},"_themeisle_gutenberg_block_has_review":false,"footnotes":""},"class_list":["post-700","page","type-page","status-publish","hentry"],"uagb_featured_image_src":{"full":false,"thumbnail":false,"medium":false,"medium_large":false,"large":false,"gs-tiny":false,"xl":false,"xxl":false,"xxxl":false,"xxxxl":false,"xxxxxl":false,"1536x1536":false,"2048x2048":false,"ultp_layout_landscape_large":false,"ultp_layout_landscape":false,"ultp_layout_portrait":false,"ultp_layout_square":false},"uagb_author_info":{"display_name":false,"author_link":false},"uagb_comment_info":0,"uagb_excerpt":"Endoscop\u00eda Digestiva Alta (Gastroscop\u00eda) Diagn\u00f3stica (Biopsias ) Test de ureasa (B\u00fasqueda de Helicobacter Pylori) Protocolo de Sydney (para prevenci\u00f3n del C\u00e1ncer G\u00e1strico) Terap\u00e9utica (Extracci\u00f3n cuerpos extra\u00f1os, polipectom\u00eda, gastrostom\u00eda para alimentaci\u00f3n, ligadura de v\u00e1rices esof\u00e1gicas\/g\u00e1stricas, hemostasia sitios sangrantes, dilataci\u00f3n de estenosis, etc.) Endoscopia Digestiva Baja (Colonoscop\u00eda) Diagn\u00f3stica (Biopsias) Terap\u00e9utica (polipectom\u00edas, hemostasia sitios sangrantes, dilataci\u00f3n de estenosis,&hellip;","rttpg_featured_image_url":null,"rttpg_author":{"display_name":false,"author_link":false},"rttpg_comment":0,"rttpg_category":null,"rttpg_excerpt":"Endoscop\u00eda Digestiva Alta (Gastroscop\u00eda) Diagn\u00f3stica (Biopsias ) Test de ureasa (B\u00fasqueda de Helicobacter Pylori) Protocolo de Sydney (para prevenci\u00f3n del C\u00e1ncer G\u00e1strico) Terap\u00e9utica (Extracci\u00f3n cuerpos extra\u00f1os, polipectom\u00eda, gastrostom\u00eda para alimentaci\u00f3n, ligadura de v\u00e1rices esof\u00e1gicas\/g\u00e1stricas, hemostasia sitios sangrantes, dilataci\u00f3n de estenosis, etc.) Endoscopia Digestiva Baja (Colonoscop\u00eda) Diagn\u00f3stica (Biopsias) Terap\u00e9utica (polipectom\u00edas, hemostasia sitios sangrantes, dilataci\u00f3n de estenosis,&hellip;","_links":{"self":[{"href":"https:\/\/www.hospitalnavalmagallanes.cl\/index.php?rest_route=\/wp\/v2\/pages\/700","targetHints":{"allow":["GET"]}}],"collection":[{"href":"https:\/\/www.hospitalnavalmagallanes.cl\/index.php?rest_route=\/wp\/v2\/pages"}],"about":[{"href":"https:\/\/www.hospitalnavalmagallanes.cl\/index.php?rest_route=\/wp\/v2\/types\/page"}],"author":[{"embeddable":true,"href":"https:\/\/www.hospitalnavalmagallanes.cl\/index.php?rest_route=\/wp\/v2\/users\/1"}],"replies":[{"embeddable":true,"href":"https:\/\/www.hospitalnavalmagallanes.cl\/index.php?rest_route=%2Fwp%2Fv2%2Fcomments&post=700"}],"version-history":[{"count":40,"href":"https:\/\/www.hospitalnavalmagallanes.cl\/index.php?rest_route=\/wp\/v2\/pages\/700\/revisions"}],"predecessor-version":[{"id":1613,"href":"https:\/\/www.hospitalnavalmagallanes.cl\/index.php?rest_route=\/wp\/v2\/pages\/700\/revisions\/1613"}],"wp:attachment":[{"href":"https:\/\/www.hospitalnavalmagallanes.cl\/index.php?rest_route=%2Fwp%2Fv2%2Fmedia&parent=700"}],"curies":[{"name":"wp","href":"https:\/\/api.w.org\/{rel}","templated":true}]}}