{"id":945,"date":"2023-01-03T19:21:56","date_gmt":"2023-01-03T19:21:56","guid":{"rendered":"https:\/\/www.hospitalnavalmagallanes.cl\/?page_id=945"},"modified":"2023-02-07T20:18:10","modified_gmt":"2023-02-07T20:18:10","slug":"esterilizacion","status":"publish","type":"page","link":"https:\/\/www.hospitalnavalmagallanes.cl\/?page_id=945","title":{"rendered":"Esterilizaci\u00f3n"},"content":{"rendered":"\n<br>\n\n\n\n<div id=\"wp-block-themeisle-blocks-advanced-columns-494968a3\" class=\"wp-block-themeisle-blocks-advanced-columns has-1-columns has-desktop-equal-layout has-tablet-equal-layout has-mobile-equal-layout has-vertical-unset\"><div class=\"wp-block-themeisle-blocks-advanced-columns-overlay\"><\/div><div class=\"innerblocks-wrap\">\n<div id=\"wp-block-themeisle-blocks-advanced-column-b6723fa9\" class=\"wp-block-themeisle-blocks-advanced-column\">\n<div class=\"wp-block-cover is-light is-style-tw-border-inner tw-stretched-link tw-hover-opacity\" style=\"min-height:314px;aspect-ratio:unset;\"><span aria-hidden=\"true\" class=\"wp-block-cover__background has-ast-global-color-0-background-color has-background-dim-40 has-background-dim\"><\/span><img decoding=\"async\" width=\"2000\" height=\"1500\" sizes=\"(max-width: 799px) 200vw, (max-width: 2000px) 100vw, 2000px\" class=\"wp-block-cover__image-background wp-image-947\" alt=\"\" src=\"https:\/\/www.hospitalnavalmagallanes.cl\/wp-content\/uploads\/2023\/01\/FRONTIS1.jpg\" style=\"object-position:52% 55%\" data-object-fit=\"cover\" data-object-position=\"52% 55%\" srcset=\"https:\/\/www.hospitalnavalmagallanes.cl\/wp-content\/uploads\/2023\/01\/FRONTIS1.jpg 2000w, https:\/\/www.hospitalnavalmagallanes.cl\/wp-content\/uploads\/2023\/01\/FRONTIS1-300x225.jpg 300w, https:\/\/www.hospitalnavalmagallanes.cl\/wp-content\/uploads\/2023\/01\/FRONTIS1-1024x768.jpg 1024w, https:\/\/www.hospitalnavalmagallanes.cl\/wp-content\/uploads\/2023\/01\/FRONTIS1-768x576.jpg 768w, https:\/\/www.hospitalnavalmagallanes.cl\/wp-content\/uploads\/2023\/01\/FRONTIS1-1600x1200.jpg 1600w, https:\/\/www.hospitalnavalmagallanes.cl\/wp-content\/uploads\/2023\/01\/FRONTIS1-1536x1152.jpg 1536w\" \/><div class=\"wp-block-cover__inner-container is-layout-flow wp-block-cover-is-layout-flow\">\n<p class=\"has-text-align-center has-large-font-size\">CENTRAL DE ESTERILIZACION<\/p>\n<\/div><\/div>\n\n\n\n<br>\nLa Central de Esterilizaci\u00f3n del Hospital de las FF.AA. \u201cCirujano Cornelio Guzm\u00e1n\u201d  de Punta Arenas tiene por Misi\u00f3n satisfacer los requerimientos de instrumental est\u00e9ril de los diversos servicios cl\u00ednicos y de apoyo del Hospital, Centro Cl\u00ednico Militar, DENTAMAG y otras reparticiones de la ARMADA de la ciudad. Se incluye tambi\u00e9n, la venta de servicios a otros centros asistenciales del extra sistema.\n<\/div>\n<\/div><\/div>\n\n\n\n<div class=\"wp-block-columns is-layout-flex wp-container-core-columns-is-layout-6c3a7f47 wp-block-columns-is-layout-flex\" style=\"padding-top:0px;padding-right:0px;padding-bottom:0px;padding-left:0px\">\n<div class=\"wp-block-column is-layout-flow wp-block-column-is-layout-flow\" style=\"--col-width:66.66%;flex-basis:66.66%\">\n<div class=\"wp-block-essential-blocks-advanced-heading\"><div class=\"eb-parent-wrapper eb-parent-eb-advance-heading-juhyy1j \"><div class=\"eb-advance-heading-wrapper eb-advance-heading-juhyy1j button-1\" data-id=\"eb-advance-heading-juhyy1j\"><h2 class=\"eb-ah-title\">Procedimientos<\/h2><div class=\"eb-ah-separator line\"><\/div><\/div><\/div><\/div>\n\n\n\n<b>Efectuar Procesos de Esterilizaci\u00f3n en Instrumental Quir\u00fargico:<\/b>\n<ul style=\"margin-left: 30px\">\n<li>Recepci\u00f3n de material limpio y\/o sucio.<\/li>\n<li>Proceso de lavado y secado.<\/li>\n<li>Proceso de inspecci\u00f3n, preparaci\u00f3n y armado.<\/li>\n<li>Proceso de empaque.<\/li>\n<li>Exposici\u00f3n al agente esterilizante, ya sea en m\u00e9todos de alta temperatura o baja temperatura.<\/li>\n<li>Almacenamiento de Instrumental Quir\u00fargico Est\u00e9ril y Distribuci\u00f3n.<\/li>\n<\/ul><br>\n\nCentral de Esterilizaci\u00f3n del Hospital de las FF.AA. \u201cCirujano Guzm\u00e1n\u201d dispone del siguiente  equipamiento  para efectuar los procesos cl\u00ednicos: 1 Lavadora Desinfectora, 1 Lavadora Ultras\u00f3nica, 2 Equipos Autoclaves y 1 equipo Sterrad 100NX.\n\n\n\n<div class=\"wp-block-essential-blocks-advanced-heading\"><div class=\"eb-parent-wrapper eb-parent-eb-advance-heading-2zonh4h \"><div class=\"eb-advance-heading-wrapper eb-advance-heading-2zonh4h button-1\" data-id=\"eb-advance-heading-2zonh4h\"><h2 class=\"eb-ah-title\">Beneficiarios<\/h2><div class=\"eb-ah-separator line\"><\/div><\/div><\/div><\/div>\n\n\n\nUsuarios que reciben atenci\u00f3n cl\u00ednica en:\n<ul style=\"margin: 20px\">\n<li>Servicios cl\u00ednicos y de apoyo del Hospital<\/li>\n<li>Centro Cl\u00ednico Militar<\/li>\n<li>DENTAMAG<\/li>\n<li>Otras reparticiones<\/li>\n<li>Otros centros asistenciales<\/li>\n<\/ul>\n<\/div>\n\n\n\n<div class=\"wp-block-column is-layout-flow wp-block-column-is-layout-flow\" style=\"--col-width:33.33%;flex-basis:33.33%\">\n<div class=\"wp-block-essential-blocks-advanced-heading\"><div class=\"eb-parent-wrapper eb-parent-eb-advance-heading-tilwa9l \"><div class=\"eb-advance-heading-wrapper eb-advance-heading-tilwa9l button-1\" data-id=\"eb-advance-heading-tilwa9l\"><h2 class=\"eb-ah-title\">Horarios<\/h2><div class=\"eb-ah-separator line\"><\/div><\/div><\/div><\/div>\n\n\n\n<ul style=\"margin: 20px\">\n<li>Lunes a Viernes, 08:00 a 00:00 hrs. presencial, posteriormente, Personal de Sanidad de guardia de llamada hasta las 08:00 hrs.<\/li>\n<li>S\u00e1bado, Domingo y Festivos: Personal de Sanidad de guardia de llamada para el Centro Quir\u00fargico.<\/li>\n<\/ul>\n<\/div>\n<\/div>\n","protected":false},"excerpt":{"rendered":"<p>Efectuar Procesos de Esterilizaci\u00f3n en Instrumental Quir\u00fargico: Recepci\u00f3n de material limpio y\/o sucio. Proceso de lavado y secado. Proceso de inspecci\u00f3n, preparaci\u00f3n y armado. Proceso de empaque. Exposici\u00f3n al agente esterilizante, ya sea en m\u00e9todos de alta temperatura o baja temperatura. Almacenamiento de Instrumental Quir\u00fargico Est\u00e9ril y Distribuci\u00f3n. Central de Esterilizaci\u00f3n del Hospital de las [&hellip;]<\/p>\n","protected":false},"author":1,"featured_media":0,"parent":0,"menu_order":0,"comment_status":"closed","ping_status":"closed","template":"","meta":{"_eb_attr":"","_gspb_post_css":"","_uag_custom_page_level_css":"","site-sidebar-layout":"default","site-content-layout":"","ast-site-content-layout":"","site-content-style":"default","site-sidebar-style":"default","ast-global-header-display":"","ast-banner-title-visibility":"","ast-main-header-display":"","ast-hfb-above-header-display":"","ast-hfb-below-header-display":"","ast-hfb-mobile-header-display":"","site-post-title":"disabled","ast-breadcrumbs-content":"","ast-featured-img":"","footer-sml-layout":"","theme-transparent-header-meta":"","adv-header-id-meta":"","stick-header-meta":"","header-above-stick-meta":"","header-main-stick-meta":"","header-below-stick-meta":"","astra-migrate-meta-layouts":"default","ast-page-background-enabled":"default","ast-page-background-meta":{"desktop":{"background-color":"var(--ast-global-color-4)","background-image":"","background-repeat":"repeat","background-position":"center center","background-size":"auto","background-attachment":"scroll","background-type":"","background-media":"","overlay-type":"","overlay-color":"","overlay-opacity":"","overlay-gradient":""},"tablet":{"background-color":"","background-image":"","background-repeat":"repeat","background-position":"center center","background-size":"auto","background-attachment":"scroll","background-type":"","background-media":"","overlay-type":"","overlay-color":"","overlay-opacity":"","overlay-gradient":""},"mobile":{"background-color":"","background-image":"","background-repeat":"repeat","background-position":"center center","background-size":"auto","background-attachment":"scroll","background-type":"","background-media":"","overlay-type":"","overlay-color":"","overlay-opacity":"","overlay-gradient":""}},"ast-content-background-meta":{"desktop":{"background-color":"var(--ast-global-color-5)","background-image":"","background-repeat":"repeat","background-position":"center center","background-size":"auto","background-attachment":"scroll","background-type":"","background-media":"","overlay-type":"","overlay-color":"","overlay-opacity":"","overlay-gradient":""},"tablet":{"background-color":"var(--ast-global-color-5)","background-image":"","background-repeat":"repeat","background-position":"center center","background-size":"auto","background-attachment":"scroll","background-type":"","background-media":"","overlay-type":"","overlay-color":"","overlay-opacity":"","overlay-gradient":""},"mobile":{"background-color":"var(--ast-global-color-5)","background-image":"","background-repeat":"repeat","background-position":"center center","background-size":"auto","background-attachment":"scroll","background-type":"","background-media":"","overlay-type":"","overlay-color":"","overlay-opacity":"","overlay-gradient":""}},"_themeisle_gutenberg_block_has_review":false,"footnotes":""},"class_list":["post-945","page","type-page","status-publish","hentry"],"uagb_featured_image_src":{"full":false,"thumbnail":false,"medium":false,"medium_large":false,"large":false,"gs-tiny":false,"xl":false,"xxl":false,"xxxl":false,"xxxxl":false,"xxxxxl":false,"1536x1536":false,"2048x2048":false,"ultp_layout_landscape_large":false,"ultp_layout_landscape":false,"ultp_layout_portrait":false,"ultp_layout_square":false},"uagb_author_info":{"display_name":false,"author_link":false},"uagb_comment_info":0,"uagb_excerpt":"Efectuar Procesos de Esterilizaci\u00f3n en Instrumental Quir\u00fargico: Recepci\u00f3n de material limpio y\/o sucio. Proceso de lavado y secado. Proceso de inspecci\u00f3n, preparaci\u00f3n y armado. Proceso de empaque. Exposici\u00f3n al agente esterilizante, ya sea en m\u00e9todos de alta temperatura o baja temperatura. Almacenamiento de Instrumental Quir\u00fargico Est\u00e9ril y Distribuci\u00f3n. Central de Esterilizaci\u00f3n del Hospital de las&hellip;","rttpg_featured_image_url":null,"rttpg_author":{"display_name":false,"author_link":false},"rttpg_comment":0,"rttpg_category":null,"rttpg_excerpt":"Efectuar Procesos de Esterilizaci\u00f3n en Instrumental Quir\u00fargico: Recepci\u00f3n de material limpio y\/o sucio. Proceso de lavado y secado. Proceso de inspecci\u00f3n, preparaci\u00f3n y armado. Proceso de empaque. Exposici\u00f3n al agente esterilizante, ya sea en m\u00e9todos de alta temperatura o baja temperatura. Almacenamiento de Instrumental Quir\u00fargico Est\u00e9ril y Distribuci\u00f3n. Central de Esterilizaci\u00f3n del Hospital de las&hellip;","_links":{"self":[{"href":"https:\/\/www.hospitalnavalmagallanes.cl\/index.php?rest_route=\/wp\/v2\/pages\/945","targetHints":{"allow":["GET"]}}],"collection":[{"href":"https:\/\/www.hospitalnavalmagallanes.cl\/index.php?rest_route=\/wp\/v2\/pages"}],"about":[{"href":"https:\/\/www.hospitalnavalmagallanes.cl\/index.php?rest_route=\/wp\/v2\/types\/page"}],"author":[{"embeddable":true,"href":"https:\/\/www.hospitalnavalmagallanes.cl\/index.php?rest_route=\/wp\/v2\/users\/1"}],"replies":[{"embeddable":true,"href":"https:\/\/www.hospitalnavalmagallanes.cl\/index.php?rest_route=%2Fwp%2Fv2%2Fcomments&post=945"}],"version-history":[{"count":18,"href":"https:\/\/www.hospitalnavalmagallanes.cl\/index.php?rest_route=\/wp\/v2\/pages\/945\/revisions"}],"predecessor-version":[{"id":1211,"href":"https:\/\/www.hospitalnavalmagallanes.cl\/index.php?rest_route=\/wp\/v2\/pages\/945\/revisions\/1211"}],"wp:attachment":[{"href":"https:\/\/www.hospitalnavalmagallanes.cl\/index.php?rest_route=%2Fwp%2Fv2%2Fmedia&parent=945"}],"curies":[{"name":"wp","href":"https:\/\/api.w.org\/{rel}","templated":true}]}}